{"id":1944,"date":"2023-12-06T12:17:34","date_gmt":"2023-12-06T15:17:34","guid":{"rendered":"https:\/\/amsb.com.ar\/web\/?post_type=product&#038;p=1944"},"modified":"2026-01-09T13:26:27","modified_gmt":"2026-01-09T16:26:27","slug":"lui-wind-sauvignon-blanc-torrontes","status":"publish","type":"product","link":"https:\/\/amsb.com.ar\/web\/producto\/lui-wind-sauvignon-blanc-torrontes\/","title":{"rendered":"LUI Wind Sauvignon Blanc-Torrontes"},"content":{"rendered":"<p>50% Sauvignon Blanc | 50% Torront\u00e9s. Sauvignon Blanc de Los \u00c1rboles, Valle de Uco. Torront\u00e9s de Cafayate, Salta<\/p>\n","protected":false},"excerpt":{"rendered":"<p>Se presenta brillante, de color amarillo p\u00e1lido con destellos verdosos. En nariz muy expresiva, con aromas de car\u00e1cter floral, predominando las flores blancas, ruda y mel\u00f3n. En boca es muy frutal debido a su elevada acidez natural, de gran intensidad.<\/p>\n","protected":false},"featured_media":1945,"template":"","meta":[],"product_cat":[104,89,101],"product_tag":[],"class_list":{"0":"post-1944","1":"product","2":"type-product","3":"status-publish","4":"has-post-thumbnail","6":"product_cat-blend-vino-blanco","7":"product_cat-tienda-de-bebidas","8":"product_cat-vino-blanco","10":"first","11":"instock","12":"taxable","13":"shipping-taxable","14":"purchasable","15":"product-type-simple"},"_links":{"self":[{"href":"https:\/\/amsb.com.ar\/web\/wp-json\/wp\/v2\/product\/1944"}],"collection":[{"href":"https:\/\/amsb.com.ar\/web\/wp-json\/wp\/v2\/product"}],"about":[{"href":"https:\/\/amsb.com.ar\/web\/wp-json\/wp\/v2\/types\/product"}],"wp:featuredmedia":[{"embeddable":true,"href":"https:\/\/amsb.com.ar\/web\/wp-json\/wp\/v2\/media\/1945"}],"wp:attachment":[{"href":"https:\/\/amsb.com.ar\/web\/wp-json\/wp\/v2\/media?parent=1944"}],"wp:term":[{"taxonomy":"product_cat","embeddable":true,"href":"https:\/\/amsb.com.ar\/web\/wp-json\/wp\/v2\/product_cat?post=1944"},{"taxonomy":"product_tag","embeddable":true,"href":"https:\/\/amsb.com.ar\/web\/wp-json\/wp\/v2\/product_tag?post=1944"}],"curies":[{"name":"wp","href":"https:\/\/api.w.org\/{rel}","templated":true}]}}