{"id":1784,"date":"2023-11-17T15:09:25","date_gmt":"2023-11-17T18:09:25","guid":{"rendered":"https:\/\/amsb.com.ar\/web\/?post_type=product&#038;p=1784"},"modified":"2026-01-09T12:46:37","modified_gmt":"2026-01-09T15:46:37","slug":"chakana-nuna-rose","status":"publish","type":"product","link":"https:\/\/amsb.com.ar\/web\/producto\/chakana-nuna-rose\/","title":{"rendered":"Chakana Nuna Rose"},"content":{"rendered":"<div class=\"product-description\">\n<div class=\"product-description\">Vino ros\u00e9 org\u00e1nico y biodin\u00e1mico, con certificaci\u00f3n biodin\u00e1mica Demeter, posee un cuerpo ligero, fresco y equilibrado. Es ideal para acompa\u00f1ar las comidas.<\/div>\n<div id=\"producer-small-logo\"><\/div>\n<\/div>\n<div id=\"producer-small-logo\"><\/div>\n","protected":false},"excerpt":{"rendered":"<div class=\"product-description\">Vino ros\u00e9 org\u00e1nico y biodin\u00e1mico, con certificaci\u00f3n biodin\u00e1mica Demeter, posee un cuerpo ligero, fresco y equilibrado. Es ideal para acompa\u00f1ar las comidas.<\/div>\n<div id=\"producer-small-logo\"><\/div>\n","protected":false},"featured_media":1792,"template":"","meta":[],"product_cat":[89,109],"product_tag":[],"class_list":{"0":"post-1784","1":"product","2":"type-product","3":"status-publish","4":"has-post-thumbnail","6":"product_cat-tienda-de-bebidas","7":"product_cat-vino-rosado","9":"first","10":"instock","11":"taxable","12":"shipping-taxable","13":"purchasable","14":"product-type-simple"},"_links":{"self":[{"href":"https:\/\/amsb.com.ar\/web\/wp-json\/wp\/v2\/product\/1784"}],"collection":[{"href":"https:\/\/amsb.com.ar\/web\/wp-json\/wp\/v2\/product"}],"about":[{"href":"https:\/\/amsb.com.ar\/web\/wp-json\/wp\/v2\/types\/product"}],"wp:featuredmedia":[{"embeddable":true,"href":"https:\/\/amsb.com.ar\/web\/wp-json\/wp\/v2\/media\/1792"}],"wp:attachment":[{"href":"https:\/\/amsb.com.ar\/web\/wp-json\/wp\/v2\/media?parent=1784"}],"wp:term":[{"taxonomy":"product_cat","embeddable":true,"href":"https:\/\/amsb.com.ar\/web\/wp-json\/wp\/v2\/product_cat?post=1784"},{"taxonomy":"product_tag","embeddable":true,"href":"https:\/\/amsb.com.ar\/web\/wp-json\/wp\/v2\/product_tag?post=1784"}],"curies":[{"name":"wp","href":"https:\/\/api.w.org\/{rel}","templated":true}]}}