{"id":1772,"date":"2023-11-17T14:41:30","date_gmt":"2023-11-17T17:41:30","guid":{"rendered":"https:\/\/amsb.com.ar\/web\/?post_type=product&#038;p=1772"},"modified":"2026-01-09T12:59:51","modified_gmt":"2026-01-09T15:59:51","slug":"nicasia-blanc-de-blancs","status":"publish","type":"product","link":"https:\/\/amsb.com.ar\/web\/producto\/nicasia-blanc-de-blancs\/","title":{"rendered":"Catena Nicasia Blanc De Blancs"},"content":{"rendered":"<div class=\"col-lg-6\">\n<p class=\"last\">Se perciben en este vino deliciosos sabores a frutos blancos y de durazno aportados por el Viognier, junto a delicadas notas florales t\u00edpicas de la variedad Gew\u00fcrztraminer y frescos dejos c\u00edtricos propios del Sauvignon Blanc. El paso por roble incrementa a\u00fan m\u00e1s la complejidad de este vino, otorgando sutiles notas de miel. Un vino elegante, complejo y de balanceada acidez, ideal para servir con carnes blancas, mariscos y pescados elaborados.<\/p>\n<ul class=\"last\">\n<li><strong>Varietal:\u00a0<\/strong>60% Viognier, 25% Gew\u00fcrztraminer, 15% Sauvignon Blanc<\/li>\n<li><strong>Fermentaci\u00f3n:<\/strong>\u00a0M\u00e1x. Ferm. Temp. 16\u00ba C durante 11 d\u00edas. 20% Fermentaci\u00f3n malol\u00e1ctica.<\/li>\n<li><strong>A\u00f1ejamiento:<\/strong>\u00a09 meses en roble franc\u00e9s<\/li>\n<\/ul>\n<\/div>\n<div class=\"col-lg-6\"><\/div>\n","protected":false},"excerpt":{"rendered":"<p>Un vino elegante, complejo y de balanceada acidez, ideal para servir con carnes blancas, mariscos y pescados elaborados.<\/p>\n","protected":false},"featured_media":1776,"template":"","meta":[],"product_cat":[104,89],"product_tag":[],"class_list":{"0":"post-1772","1":"product","2":"type-product","3":"status-publish","4":"has-post-thumbnail","6":"product_cat-blend-vino-blanco","7":"product_cat-tienda-de-bebidas","9":"first","10":"instock","11":"taxable","12":"shipping-taxable","13":"purchasable","14":"product-type-simple"},"_links":{"self":[{"href":"https:\/\/amsb.com.ar\/web\/wp-json\/wp\/v2\/product\/1772"}],"collection":[{"href":"https:\/\/amsb.com.ar\/web\/wp-json\/wp\/v2\/product"}],"about":[{"href":"https:\/\/amsb.com.ar\/web\/wp-json\/wp\/v2\/types\/product"}],"wp:featuredmedia":[{"embeddable":true,"href":"https:\/\/amsb.com.ar\/web\/wp-json\/wp\/v2\/media\/1776"}],"wp:attachment":[{"href":"https:\/\/amsb.com.ar\/web\/wp-json\/wp\/v2\/media?parent=1772"}],"wp:term":[{"taxonomy":"product_cat","embeddable":true,"href":"https:\/\/amsb.com.ar\/web\/wp-json\/wp\/v2\/product_cat?post=1772"},{"taxonomy":"product_tag","embeddable":true,"href":"https:\/\/amsb.com.ar\/web\/wp-json\/wp\/v2\/product_tag?post=1772"}],"curies":[{"name":"wp","href":"https:\/\/api.w.org\/{rel}","templated":true}]}}